9*k + 4230. Give q(-16).
-10
Let r(d) = 5*d**2 - 31670*d + 63314. Determine r(2).
-6
Let t(n) = n**3 + 133*n**2 + 465*n + 80265. Determine t(-134).
-1
Let n(d) = d**2 - 2067*d - 292603. Determine n(-133).
-3
Let a(s) = -247*s + 41018. What is a(168)?
-478
Let d(b) = b**3 + 115*b**2 - 21*b - 2141. Give d(-115).
274
Let j(p) = -14*p**2 + 1527*p + 13833. Give j(-9).
-1044
Let u(z) = 81913*z - 573470. Calculate u(7).
-79
Let b(q) = -949*q + 15049. Give b(16).
-135
Let l(j) = -3*j**3 + 386*j**2 + 1319*j + 126. Calculate l(132).
-6
Let x(l) = 3802*l - 133069. Calculate x(35).
1
Let r(k) = 42033*k + 293554. Give r(-7).
-677
Let b(h) = 380*h - 7528. Determine b(20).
72
Let c(l) = 2*l**3 - 20*l**2 + 60*l + 12. Calculate c(0).
12
Let l(z) = 2*z**3 + 132*z**2 + 1766*z + 2687. Give l(-16).
31
Let l(b) = -b**2 + 29072*b - 58141. Determine l(2).
-1
Let x(f) = 25*f**2 - 1174*f + 1091. What is x(46)?
-13
Let m(f) = -17*f**2 + 8669*f + 390. Give m(510).
-120
Let v(x) = -x**3 - 6*x**2 + 1972*x + 9892. What is v(-5)?
7
Let o(q) = -41462*q**2 - 207315*q - 12. Give o(-5).
13
Let x(b) = 5*b**2 - 128*b + 1199. What is x(9)?
452
Let n(d) = 1040*d - 100798. Determine n(99).
2162
Let m(c) = c**2 - 3065*c - 1689506. Calculate m(-477).
28
Let m(c) = 24*c**3 + 82*c**2 + 27*c + 2390. Give m(-6).
-4
Let i(l) = 9*l**2 + 1745*l - 12194. What is i(7)?
462
Let m(z) = -z**2 + 252*z - 5243. Determine m(25).
432
Let k(t) = 2*t**3 - 220*t**2 + 1048*t + 265. Calculate k(105).
55
Let p(f) = -f**2 - 19799*f + 733927. Calculate p(37).
-5
Let g(q) = 923*q - 66400. Calculate g(72).
56
Let r(n) = 16*n + 1342. Determine r(-95).
-178
Let k(v) = 2*v**2 + 50*v + 350. Determine k(-13).
38
Let c(f) = 1257*f + 181210. What is c(-144)?
202
Let n(p) = -45*p - 6200. Calculate n(-139).
55
Let u(c) = -4*c**2 - 1903*c + 13480. Give u(7).
-37
Let n(a) = -a**3 - 7*a**2 + 220*a + 2000. What is n(-11)?
64
Let t(b) = -2*b**3 - 362*b**2 - 728*b - 1243. Calculate t(-179).
905
Let y(d) = 152*d**2 + 28*d - 28. Give y(3).
1424
Let f(u) = 213*u**2 + 18027*u + 36060. Calculate f(-2).
858
Let t(j) = 179*j**2 + 4387*j + 2188. Calculate t(-24).
4
Let w(f) = 548*f**2 - 6457*f - 1429. Give w(12).
-1
Let i(v) = -1392*v**2 + 9744*v - 16. Calculate i(7).
-16
Let p(a) = 10*a**3 + 847*a**2 - 235*a + 1750. What is p(-85)?
50
Let p(v) = 5*v**3 - 5*v**2 + 1494*v - 4447. Calculate p(3).
125
Let t(u) = -216254*u - 5622603. Calculate t(-26).
1
Let p(k) = 4*k**2 - 140*k - 397. Give p(39).
227
Let z(g) = 459377*g - 1837516. Calculate z(4).
-8
Let s(d) = -26*d**3 - 5*d**2 - 20*d + 47. What is s(3)?
-760
Let k(s) = 7*s**3 + 48*s**2 + 4883*s + 34242. Determine k(-7).
12
Let g(v) = -v**2 + 1780*v + 92879. Calculate g(-51).
-502
Let a(i) = -579*i**3 - 5213*i**2 - 11*i + 76. Determine a(-9).
13
Let l(v) = -9*v**2 + 6712*v - 1151978. Determine l(478).
2
Let z(f) = -f**3 - 15*f**2 - 31*f - 402. Determine z(-15).
63
Let j(h) = -h**2 + 363*h - 29485. Give j(240).
35
Let a(w) = 2688*w + 78605. What is a(-29)?
653
Let x(b) = -11*b**2 + 1172*b + 621. Calculate x(107).
86
Let v(x) = 144*x - 3084. Give v(20).
-204
Let d(z) = 2*z**3 - 1055*z**2 + 786*z - 136496. What is d(527)?
-3
Let z(x) = -146288*x + 1901754. Give z(13).
10
Let t(l) = 52*l**2 - 7794*l - 710. Give t(150).
190
Let b(k) = -k**3 + 8*k**2 - 77128*k + 462709. What is b(6)?
13
Let f(j) = 2553*j**2 + 2420247*j + 2851. Give f(-948).
7
Let f(v) = -v**3 - 25*v**2 - 2104*v - 52492. Calculate f(-25).
108
Let p(c) = 26912*c + 109617. Give p(-4).
1969
Let s(k) = k**2 - 1234*k + 123640. What is s(110)?
0
Let s(z) = 110279*z + 2426100. Give s(-22).
-38
Let m(r) = -r**2 - 1324*r - 28586. What is m(-22)?
58
Let m(h) = 10*h**3 + 36*h**2 - 98*h + 54. Calculate m(1).
2
Let j(d) = 94*d**3 + 10*d**2 + 21*d - 30. What is j(1)?
95
Let u(l) = l**2 + 39985*l - 239954. What is u(6)?
-8
Let v(w) = w**3 + 251*w**2 + 3*w - 622. What is v(0)?
-622
Let l(z) = -z**2 + 266*z + 25423. What is l(-75)?
-152
Let l(f) = -f**3 + 23*f**2 + 3285*f + 193. What is l(70)?
-157
Let g(c) = 6466*c + 627200. Calculate g(-97).
-2
Let x(y) = -2*y**3 - 5*y**2 + 115*y + 21. Calculate x(7).
-105
Let b(a) = -2*a**2 + 244*a + 2626. What is b(-10)?
-14
Let q(z) = -115*z**2 + 213*z + 217. Calculate q(-1).
-111
Let d(u) = -2*u**3 + 9*u**2 - 92*u + 318. Give d(4).
-34
Let n(i) = 2*i**3 - 55*i**2 + 218*i - 208. What is n(2)?
24
Let v(r) = r**2 - 87*r + 1578. Give v(69).
336
Let z(x) = 3874*x - 294409. Give z(76).
15
Let p(x) = x**3 - 1092*x**2 - 33650*x - 11228. Determine p(1122).
-8
Let z(d) = d**3 + 243*d**2 - 2793*d + 249. Give z(-254).
-5
Let y(r) = -168*r**2 + 13111*r - 548. Give y(78).
-2
Let j(a) = -1119031*a + 12309335. Give j(11).
-6
Let i(f) = 314*f + 12703. Calculate i(-40).
143
Let r(n) = -n**3 - 190*n**2 + 954*n - 3384. Determine r(-195).
711
Let u(c) = 180959*c + 904642. Determine u(-5).
-153
Let q(v) = 23*v**2 - 18285*v + 225. Determine q(795).
225
Let d(q) = -q**3 + 145*q**2 + 698*q + 1556. Calculate d(150).
-6244
Let y(a) = -18*a - 1281. Give y(-71).
-3
Let m(o) = 12*o**3 - 5*o**2 + 30*o - 93. Calculate m(4).
715
Let u(t) = 6844*t + 7576314. What is u(-1107)?
6
Let v(k) = 2603*k + 37050. Give v(-16).
-4598
Let d(k) = k**3 + 16*k**2 - 222427*k - 3336628. What is d(-15)?
2
Let i(q) = -q**2 - 284*q - 3776. What is i(-14)?
4
Let g(y) = 379*y**2 - 1455*y - 42. Determine g(3).
-996
Let o(h) = -11*h**3 - 4*h**2 + 59*h + 281. Determine o(-4).
685
Let a(g) = g**3 - 361*g**2 + 30195*g + 7570. Calculate a(229).
13
Let p(m) = 15*m**2 - 4*m + 784. Calculate p(0).
784
Let d(q) = 3*q**3 + 40*q**2 - 2280*q - 161. Give d(-35).
14
Let w(a) = -98*a + 7734. Determine w(81).
-204
Let m(g) = 44*g + 4646. What is m(-154)?
-2130
Let g(j) = -j**3 - 30*j**2 + 1211*j - 1516. What is g(22)?
-42
Let u(s) = 3*s**2 + 272*s + 6191. Determine u(-45).
26
Let t(g) = 243483*g + 2678288. Give t(-11).
-25
Let c(b) = -92*b + 3519. Give c(29).
851
Let j(l) = 9*l**3 + 69*l**2 + 50*l + 28. Calculate j(-7).
-28
Let h(g) = -4687*g + 259018. What is h(55)?
1233
Let b(j) = -219*j**2 - 28*j + 29. Determine b(3).
-2026
Let f(u) = -u**2 + 783*u + 44320. What is f(-53)?
12
Let g(k) = -2*k**3 - k**2 - 832*k - 106. Give g(0).
-106
Let k(q) = -2*q**2 - 754*q - 20779. Give k(-30).
41
Let u(q) = -31*q**2 - 4145*q + 5382. What is u(-135)?
-18
Let w(d) = 39*d**2 - 8234*d - 16475. Calculate w(-2).
149
Let c(l) = -135*l + 36723. Calculate c(272).
3
Let t(l) = -5*l**3 - 72*l**2 + 60*l - 91. Give t(-15).
-316
Let y(z) = 36*z**2 + 431*z + 1103. Give y(-7).
-150
Let q(o) = -2*o**2 + 184*o + 3307. Calculate q(107).
97
Let d(v) = -939*v + 187731. Determine d(200).
-69
Let m(l) = 24*l**2 + 1127*l + 68. Give m(-47).
115
Let c(n) = -15*n**2 - 141*n + 61. Calculate c(-11).
-203
Let w(j) = 17333*j + 190895. Determine w(-11).
232
Let f(r) = -4*r**3 + 27*r**2 + 8509*r - 51150. Determine f(6).
12
Let r(a) = -a**3 - 476*a**2 + 2921*a + 12196. What is r(-482)?
-1782
Let t(d) = -333*d**2 - 7650*d + 41. Calculate t(-23).
-166
Let l(r) = -r**3 + 23*r**2 - 128*r + 153. Give l(10).
173
Let a(n) = n**3 + 25*n**2 + 37*n - 66. Calculate a(-3).
21
Let p(u) = -570919*u + 9134696. Determine p(16).
-8
Let y(l) = -50*l**2 - 4*l - 100. Calculate y(-4).
-884
Let k(h) = 3*h**2 + 43*h - 232. What is k(8)?
304
Let q(r) = 27*r**2 + 415*r - 253. Calculate q(-16).
19
Let w(v) = 16*v**3 - 67*v**2 + 31*v + 3. What is w(5)?
483
Let o(k) = -k**3 + 12*k**2 + 79*k - 869. Determine o(11).
121
Let l(v) = -1681*v - 73701. Determine l(-44).
263
Let f(x) = 10*x**2 - 1309*x - 9115. Calculate f(-7).
538
Let t(i) = 70*i**2 + 673*i + 39. Calculate t(-9).
-348
Let p(z) = 17888*z - 303970. Give p(17).
126
Let n(g) = -2*g**3 - 26*g**2 - 82*g - 190. What is n(-16)?
2658
Let r(v) = v**3 + 10*v**2 + 148*v + 1268. What is r(-9)?
17
Let j(u) = 3*u**3 - 785*u**2 + 470*u + 13582. Determine j(261).
10
Let q(v) = -4009*v - 104253. What is q(-26)?
-19
Let l(x) = 4122*x - 12489. Calculate l(3).
-123
Let k(p) = -p**2 - 1449*p - 244332. Calculate k(-195).
198
Let d(u) = -40*u**2 + 1786*u + 7110. Give d(-4).
-674
Let a(r) = 11*r**2 - 2664*r + 364. Give a(242).
-120
Let u(c) = 14655*c + 3546472. Calculate u(-242).
-38
Let t(p) = -p**3 - 25125*p + 150988. What is t(6)?
22
Let m(o) = o**3 + 147*o**2 + 3070*o + 2449. Give m(-122).
9
Let l(b) = 10